{"id":632,"date":"2025-05-11T13:07:22","date_gmt":"2025-05-11T11:07:22","guid":{"rendered":"https:\/\/reflexologue-nathalie-chabin.fr\/?page_id=632"},"modified":"2025-05-11T16:01:45","modified_gmt":"2025-05-11T14:01:45","slug":"mentions-legales-et-cgu","status":"publish","type":"page","link":"https:\/\/reflexologue-nathalie-chabin.fr\/index.php\/mentions-legales-et-cgu\/","title":{"rendered":"Mentions l\u00e9gales et CGU"},"content":{"rendered":"\n<p><strong>Conform\u00e9ment \u00e0 la loi n\u00b02004-575 du 21 juin 2004 pour la confiance dans l\u2019\u00e9conomie num\u00e9rique (LCEN), il est pr\u00e9cis\u00e9 aux utilisateurs du site l\u2019identit\u00e9 des diff\u00e9rents intervenants dans le cadre de sa r\u00e9alisation et de son suivi.<\/strong><\/p>\n\n\n\n<hr class=\"wp-block-separator has-alpha-channel-opacity\"\/>\n\n\n\n<h3 class=\"wp-block-heading\"><strong>1. \u00c9diteur du site<\/strong><\/h3>\n\n\n\n<p>Site Internet : <a class=\"\" href=\"https:\/\/reflexologue-nathalie-chabin.fr\">https:\/\/reflexologue-nathalie-chabin.fr<\/a><br>Propri\u00e9taire : Nathalie Chabin<br>Adresse : [\u00e0 renseigner si vous souhaitez afficher une adresse pro ou postale]<br>T\u00e9l\u00e9phone : 0676443907<br>Email : nathalie.chabin.reflexologue@gmail.com<br>SIRET : 835 029 182 00028<br>Statut : Profession lib\u00e9rale \u2013 R\u00e9flexologue certifi\u00e9e<\/p>\n\n\n\n<h3 class=\"wp-block-heading\"><strong>2. H\u00e9bergement<\/strong><\/h3>\n\n\n\n<p>Le site est h\u00e9berg\u00e9 par :<br><strong>Hostinger International Ltd.<\/strong><br>Adresse : 61 Lordou Vironos Street, 6023 Larnaca, Chypre<br>Site : <a class=\"\" href=\"https:\/\/www.hostinger.fr\">https:\/\/www.hostinger.fr<\/a><\/p>\n\n\n\n<hr class=\"wp-block-separator has-alpha-channel-opacity\"\/>\n\n\n\n<h3 class=\"wp-block-heading\"><strong>3. Propri\u00e9t\u00e9 intellectuelle<\/strong><\/h3>\n\n\n\n<p>L\u2019ensemble du contenu du site (textes, images, logos, ic\u00f4nes, etc.) est la propri\u00e9t\u00e9 exclusive de Nathalie Chabin, sauf mention contraire.<br>Toute reproduction, repr\u00e9sentation, modification, publication ou adaptation, totale ou partielle, est interdite sans autorisation \u00e9crite pr\u00e9alable.<\/p>\n\n\n\n<hr class=\"wp-block-separator has-alpha-channel-opacity\"\/>\n\n\n\n<h3 class=\"wp-block-heading\"><strong>4. Donn\u00e9es personnelles<\/strong><\/h3>\n\n\n\n<p>Les informations \u00e9ventuellement recueillies via le formulaire de contact sont destin\u00e9es uniquement \u00e0 r\u00e9pondre \u00e0 vos demandes.<br>Conform\u00e9ment au R\u00e8glement G\u00e9n\u00e9ral sur la Protection des Donn\u00e9es (RGPD), vous pouvez exercer vos droits d\u2019acc\u00e8s, de rectification ou de suppression de vos donn\u00e9es en envoyant un email \u00e0 [votre email].<\/p>\n\n\n\n<p>Aucune donn\u00e9e personnelle n\u2019est vendue ou c\u00e9d\u00e9e \u00e0 des tiers.<\/p>\n\n\n\n<hr class=\"wp-block-separator has-alpha-channel-opacity\"\/>\n\n\n\n<h3 class=\"wp-block-heading\"><strong>5. Cookies<\/strong><\/h3>\n\n\n\n<p>Le site peut utiliser des cookies \u00e0 des fins de statistiques ou d\u2019am\u00e9lioration de l\u2019exp\u00e9rience utilisateur.<br>Vous pouvez configurer votre navigateur pour refuser les cookies.<\/p>\n\n\n\n<hr class=\"wp-block-separator has-alpha-channel-opacity\"\/>\n\n\n\n<h3 class=\"wp-block-heading\"><strong>6. Responsabilit\u00e9s<\/strong><\/h3>\n\n\n\n<p>L\u2019utilisateur reconna\u00eet utiliser le site sous sa responsabilit\u00e9.<br>Nathalie Chabin ne peut \u00eatre tenue responsable d\u2019\u00e9ventuelles erreurs ou d\u2019une interruption d\u2019acc\u00e8s au site.<\/p>\n\n\n\n<hr class=\"wp-block-separator has-alpha-channel-opacity\"\/>\n\n\n\n<h3 class=\"wp-block-heading\"><strong>7. Droit applicable<\/strong><\/h3>\n\n\n\n<p>Le pr\u00e9sent site est soumis au droit fran\u00e7ais. En cas de litige, les tribunaux fran\u00e7ais seront seuls comp\u00e9tents.<\/p>\n\n\n\n<p><\/p>\n","protected":false},"excerpt":{"rendered":"<p>Conform\u00e9ment \u00e0 la loi n\u00b02004-575 du 21 juin 2004 pour la confiance dans l\u2019\u00e9conomie num\u00e9rique (LCEN), il est pr\u00e9cis\u00e9 aux utilisateurs du site l\u2019identit\u00e9 des diff\u00e9rents intervenants dans le cadre &hellip; <\/p>\n","protected":false},"author":1,"featured_media":0,"parent":0,"menu_order":0,"comment_status":"closed","ping_status":"closed","template":"","meta":{"om_disable_all_campaigns":false,"_monsterinsights_skip_tracking":false,"_monsterinsights_sitenote_active":false,"_monsterinsights_sitenote_note":"","_monsterinsights_sitenote_category":0,"footnotes":""},"class_list":["post-632","page","type-page","status-publish","hentry"],"aioseo_notices":[],"_links":{"self":[{"href":"https:\/\/reflexologue-nathalie-chabin.fr\/index.php\/wp-json\/wp\/v2\/pages\/632","targetHints":{"allow":["GET"]}}],"collection":[{"href":"https:\/\/reflexologue-nathalie-chabin.fr\/index.php\/wp-json\/wp\/v2\/pages"}],"about":[{"href":"https:\/\/reflexologue-nathalie-chabin.fr\/index.php\/wp-json\/wp\/v2\/types\/page"}],"author":[{"embeddable":true,"href":"https:\/\/reflexologue-nathalie-chabin.fr\/index.php\/wp-json\/wp\/v2\/users\/1"}],"replies":[{"embeddable":true,"href":"https:\/\/reflexologue-nathalie-chabin.fr\/index.php\/wp-json\/wp\/v2\/comments?post=632"}],"version-history":[{"count":2,"href":"https:\/\/reflexologue-nathalie-chabin.fr\/index.php\/wp-json\/wp\/v2\/pages\/632\/revisions"}],"predecessor-version":[{"id":637,"href":"https:\/\/reflexologue-nathalie-chabin.fr\/index.php\/wp-json\/wp\/v2\/pages\/632\/revisions\/637"}],"wp:attachment":[{"href":"https:\/\/reflexologue-nathalie-chabin.fr\/index.php\/wp-json\/wp\/v2\/media?parent=632"}],"curies":[{"name":"wp","href":"https:\/\/api.w.org\/{rel}","templated":true}]}}