{"id":530,"date":"2024-12-02T18:20:31","date_gmt":"2024-12-02T17:20:31","guid":{"rendered":"https:\/\/reflexologue-nathalie-chabin.fr\/?page_id=530"},"modified":"2024-12-03T19:28:11","modified_gmt":"2024-12-03T18:28:11","slug":"la-reflexologie-en-entreprise","status":"publish","type":"page","link":"https:\/\/reflexologue-nathalie-chabin.fr\/index.php\/la-reflexologie-en-entreprise\/","title":{"rendered":"La r\u00e9flexologie en entreprise"},"content":{"rendered":"\n<h2 class=\"wp-block-heading\">Le bien-\u00eatre au travail<\/h2>\n\n\n\n<p>Troubles musculosquelettiques, risques psychosociaux, relaxation, vitalit\u00e9, t\u00e9l\u00e9travail&#8230;<\/p>\n\n\n\n<p>La r\u00e9flexologie peut jouer un r\u00f4le important dans l&#8217;<strong>am\u00e9lioration du bien-\u00eatre au travail<\/strong>, en particulier en tant qu&#8217;outil de <strong>gestion du stress<\/strong> et de <strong>promotion de la d\u00e9tente<\/strong> dans le cadre professionnel. Int\u00e9grer cette pratique dans une d\u00e9marche globale de <strong>bien-\u00eatre en entreprise<\/strong> peut avoir des <strong>effets positifs<\/strong> tant sur la <strong>sant\u00e9 physique et mentale<\/strong> des employ\u00e9s que sur leur <strong>productivit\u00e9 et satisfaction<\/strong>. <\/p>\n\n\n\n<p><strong>Comment int\u00e9grer la r\u00e9flexologie au travail ?<\/strong><\/p>\n\n\n\n<ul class=\"wp-block-list\">\n<li><strong>Cr\u00e9er<\/strong> un projet bien-\u00eatre personnalis\u00e9<\/li>\n\n\n\n<li>Journ\u00e9e <strong>d\u00e9tente<\/strong> pour les collaborateurs<\/li>\n\n\n\n<li><strong>Ateliers<\/strong> d\u2019auto-r\u00e9flexologie th\u00e9matiques<\/li>\n\n\n\n<li>S\u00e9ances <strong>individuelles<\/strong> de r\u00e9flexologie combin\u00e9e<\/li>\n<\/ul>\n\n\n\n<p>Les prestations peuvent \u00eatre journali\u00e8res ou mensuelles<\/p>\n\n\n\n<div class=\"wp-block-media-text is-stacked-on-mobile\" style=\"grid-template-columns:39% auto\"><figure class=\"wp-block-media-text__media\"><img loading=\"lazy\" decoding=\"async\" width=\"1024\" height=\"683\" src=\"https:\/\/reflexologue-nathalie-chabin.fr\/wp-content\/uploads\/2024\/12\/employes-1024x683.jpg\" alt=\"\" class=\"wp-image-534 size-full\" srcset=\"https:\/\/reflexologue-nathalie-chabin.fr\/wp-content\/uploads\/2024\/12\/employes-1024x683.jpg 1024w, https:\/\/reflexologue-nathalie-chabin.fr\/wp-content\/uploads\/2024\/12\/employes-300x200.jpg 300w, https:\/\/reflexologue-nathalie-chabin.fr\/wp-content\/uploads\/2024\/12\/employes-768x512.jpg 768w, https:\/\/reflexologue-nathalie-chabin.fr\/wp-content\/uploads\/2024\/12\/employes-1536x1024.jpg 1536w, https:\/\/reflexologue-nathalie-chabin.fr\/wp-content\/uploads\/2024\/12\/employes-2048x1365.jpg 2048w, https:\/\/reflexologue-nathalie-chabin.fr\/wp-content\/uploads\/2024\/12\/employes-90x60.jpg 90w, https:\/\/reflexologue-nathalie-chabin.fr\/wp-content\/uploads\/2024\/12\/employes-370x247.jpg 370w, https:\/\/reflexologue-nathalie-chabin.fr\/wp-content\/uploads\/2024\/12\/employes-776x517.jpg 776w\" sizes=\"auto, (max-width: 1024px) 100vw, 1024px\" \/><\/figure><div class=\"wp-block-media-text__content\">\n<blockquote class=\"wp-block-quote has-text-align-center is-layout-flow wp-block-quote-is-layout-flow\">\n<p><\/p>\n<cite><strong>Un employ\u00e9 \u00e9panoui est un employ\u00e9 performant.<\/strong><\/cite><\/blockquote>\n<\/div><\/div>\n\n\n\n<p><\/p>\n\n\n\n<p>Pour tous renseignements compl\u00e9mentaires et demande de devis, me contacter directement par t\u00e9l\u00e9phone au <strong>06 76 44 39 07<\/strong> ou par mail \u00e0 l\u2019adresse suivante : <strong>nathalie.chabin.reflexologue@gmail.com.<\/strong><\/p>\n","protected":false},"excerpt":{"rendered":"<p>Le bien-\u00eatre au travail Troubles musculosquelettiques, risques psychosociaux, relaxation, vitalit\u00e9, t\u00e9l\u00e9travail&#8230; La r\u00e9flexologie peut jouer un r\u00f4le important dans l&#8217;am\u00e9lioration du bien-\u00eatre au travail, en particulier en tant qu&#8217;outil de &hellip; <\/p>\n","protected":false},"author":1,"featured_media":0,"parent":0,"menu_order":0,"comment_status":"closed","ping_status":"closed","template":"","meta":{"om_disable_all_campaigns":false,"_monsterinsights_skip_tracking":false,"_monsterinsights_sitenote_active":false,"_monsterinsights_sitenote_note":"","_monsterinsights_sitenote_category":0,"footnotes":""},"class_list":["post-530","page","type-page","status-publish","hentry"],"aioseo_notices":[],"_links":{"self":[{"href":"https:\/\/reflexologue-nathalie-chabin.fr\/index.php\/wp-json\/wp\/v2\/pages\/530","targetHints":{"allow":["GET"]}}],"collection":[{"href":"https:\/\/reflexologue-nathalie-chabin.fr\/index.php\/wp-json\/wp\/v2\/pages"}],"about":[{"href":"https:\/\/reflexologue-nathalie-chabin.fr\/index.php\/wp-json\/wp\/v2\/types\/page"}],"author":[{"embeddable":true,"href":"https:\/\/reflexologue-nathalie-chabin.fr\/index.php\/wp-json\/wp\/v2\/users\/1"}],"replies":[{"embeddable":true,"href":"https:\/\/reflexologue-nathalie-chabin.fr\/index.php\/wp-json\/wp\/v2\/comments?post=530"}],"version-history":[{"count":19,"href":"https:\/\/reflexologue-nathalie-chabin.fr\/index.php\/wp-json\/wp\/v2\/pages\/530\/revisions"}],"predecessor-version":[{"id":589,"href":"https:\/\/reflexologue-nathalie-chabin.fr\/index.php\/wp-json\/wp\/v2\/pages\/530\/revisions\/589"}],"wp:attachment":[{"href":"https:\/\/reflexologue-nathalie-chabin.fr\/index.php\/wp-json\/wp\/v2\/media?parent=530"}],"curies":[{"name":"wp","href":"https:\/\/api.w.org\/{rel}","templated":true}]}}